n?
True
Is 11 a factor of 1826?
True
Does 13 divide 105932?
False
Is 188 a factor of 47000?
True
Is 21 a multiple of 7?
True
Is 83646 a multiple of 9?
True
Is 11 a factor of 1528?
False
Does 13 divide 12633?
False
Is 291 a multiple of 18?
False
Is 2 a factor of 112?
True
Does 25 divide 15000?
True
Is 576 a multiple of 6?
True
Is 10 a factor of 66580?
True
Is 537 a multiple of 2?
False
Does 42 divide 459?
False
Is 5 a factor of 5?
True
Is 22425 a multiple of 23?
True
Is 16 a factor of 3184?
True
Is 1528 a multiple of 14?
False
Is 14 a factor of 8745?
False
Does 10 divide 6580?
True
Does 15 divide 194?
False
Is 9061 a multiple of 13?
True
Is 2489 a multiple of 24?
False
Is 102 a factor of 3757?
False
Is 2101 a multiple of 43?
False
Is 828 a multiple of 12?
True
Is 555 a multiple of 15?
True
Is 3726 a multiple of 18?
True
Is 246 a multiple of 6?
True
Is 14 a factor of 651?
False
Does 10 divide 400?
True
Is 1409 a multiple of 18?
False
Does 3 divide 255?
True
Is 1010 a multiple of 10?
True
Is 179 a multiple of 10?
False
Does 33 divide 612?
False
Is 19 a factor of 448?
False
Is 1326 a multiple of 17?
True
Is 27904 a multiple of 106?
False
Is 8333 a multiple of 291?
False
Does 55 divide 2332?
False
Does 5 divide 9976?
False
Is 26829 a multiple of 271?
True
Is 11 a factor of 1898?
False
Is 68 a factor of 408?
True
Is 6335 a multiple of 44?
False
Is 529 a multiple of 64?
False
Is 19 a factor of 60059?
True
Is 6496 a multiple of 116?
True
Is 19 a factor of 684?
True
Does 135 divide 3510?
True
Is 29532 a multiple of 214?
True
Does 24 divide 2304?
True
Is 271 a multiple of 6?
False
Is 103 a multiple of 2?
False
Does 84 divide 924?
True
Does 11 divide 3729?
True
Does 21 divide 1214?
False
Is 147 a factor of 12789?
True
Is 2470 a multiple of 18?
False
Does 19 divide 323?
True
Is 5424 a multiple of 12?
True
Is 912 a multiple of 76?
True
Is 57 a factor of 3306?
True
Is 48 a factor of 780?
False
Is 2 a factor of 352?
True
Is 4594 a multiple of 17?
False
Does 5 divide 1226?
False
Is 2 a factor of 219?
False
Is 7222 a multiple of 46?
True
Is 127 a factor of 3189?
False
Is 34 a factor of 539?
False
Is 23425 a multiple of 25?
True
Is 2 a factor of 123?
False
Is 2 a factor of 15385?
False
Does 14 divide 7280?
True
Does 14 divide 25967?
False
Is 4836 a multiple of 26?
True
Is 46301 a multiple of 13?
False
Is 140 a multiple of 28?
True
Is 7347 a multiple of 79?
True
Does 53 divide 94340?
True
Does 48 divide 768?
True
Is 59 a factor of 14101?
True
Is 1937 a multiple of 74?
False
Does 45 divide 790?
False
Is 14 a factor of 2765?
False
Does 15 divide 1508?
False
Is 36 a factor of 1368?
True
Does 16 divide 560?
True
Is 45 a factor of 37963?
False
Is 117 a factor of 18151?
False
Is 273 a multiple of 21?
True
Is 823 a multiple of 17?
False
Is 15 a factor of 82380?
True
Does 20 divide 3200?
True
Does 28 divide 6104?
True
Does 46 divide 19734?
True
Is 258 a multiple of 43?
True
Is 141 a multiple of 3?
True
Is 3593 a multiple of 52?
False
Is 9566 a multiple of 22?
False
Does 21 divide 40089?
True
Is 11 a factor of 682?
True
Is 22600 a multiple of 12?
False
Is 1620 a multiple of 12?
True
Is 15 a factor of 63540?
True
Is 20 a factor of 28774?
False
Does 35 divide 1404?
False
Is 13356 a multiple of 18?
True
Is 35 a factor of 121642?
False
Does 27 divide 3541?
False
Is 6 a factor of 538?
False
Is 23 a factor of 20976?
True
Is 14 a factor of 13068?
False
Is 55 a factor of 10245?
False
Is 4620 a multiple of 12?
True
Is 81 a factor of 3969?
True
Is 19 a factor of 7885?
True
Does 68 divide 612?
True
Is 9 a factor of 218?
False
Is 15609 a multiple of 43?
True
Does 88 divide 4928?
True
Does 101 divide 3023?
False
Does 35 divide 630?
True
Is 7 a factor of 96?
False
Is 40 a factor of 5667?
False
Is 123 a multiple of 67?
False
Does 20 divide 42000?
True
Is 57243 a multiple of 42?
False
Is 2 a factor of 64?
True
Does 32 divide 1120?
True
Is 782 a multiple of 56?
False
Is 7448 a multiple of 4?
True
Is 3264 a multiple of 64?
True
Is 2 a factor of 27?
False
Does 28 divide 1185?
False
Is 4156 a multiple of 3?
False
Is 3672 a multiple of 68?
True
Does 32 divide 544?
True
Is 8 a factor of 240?
True
Is 9025 a multiple of 177?
False
Is 33838 a multiple of 15?
False
Is 94 a multiple of 47?
True
Is 894 a multiple of 12?
False
Does 12 divide 2377?
False
Does 4 divide 344?
True
Is 105 a factor of 432?
False
Is 88 a multiple of 11?
True
Is 455 a multiple of 35?
True
Does 122 divide 12624?
False
Does 108 divide 27687?
False
Is 1020 a multiple of 12?
True
Is 28 a factor of 560?
True
Is 76462 a multiple of 154?
False
Is 3 a factor of 608?
False
Does 63 divide 558?
False
Is 9562 a multiple of 14?
True
Does 72 divide 10656?
True
Is 14 a factor of 101?
False
Is 261 a factor of 64925?
False
Is 11 a factor of 377?
False
Is 8 a factor of 440?
True
Is 7240 a multiple of 181?
True
Is 80 a multiple of 10?
True
Does 4 divide 217?
False
Is 73 a factor of 11152?
False
Does 4 divide 36?
True
Is 28 a factor of 4452?
True
Does 3 divide 2112?
True
Does 16 divide 4048?
True
Is 14 a factor of 21434?
True
Is 8 a factor of 1120?
True
Is 1540 even?
True
Is 680 a multiple of 34?
True
Does 83 divide 1221?
False
Is 3560 a multiple of 8?
True
Is 63 a factor of 6445?
False
Does 40 divide 32720?
True
Is 39 a factor of 2416?
False
Is 718 a multiple of 15?
False
Is 2507 a multiple of 15?
False
Does 57 divide 7124?
False
Is 21054 a multiple of 242?
True
Is 3253 a multiple of 12?
False
Is 236 a multiple of 5?
False
Does 23 divide 50372?
False
Is 22 a factor of 2893?
False
Is 46 a factor of 540?
False
Is 9 a factor of 2214?
True
Is 35 a factor of 38284?
False
Does 86 divide 61662?
True
Is 18 a factor of 15048?
True
Is 9927 a multiple of 67?
False
Is 71 a factor of 14649?
False
Does 2 divide 2243?
False
Is 14 a factor of 1498?
True
Is 6 a factor of 1044?
True
Is 310 a multiple of 27?
False
Is 4284 a multiple of 28?
True
Is 906 a multiple of 36?
False
Does 13 divide 637?
True
Is 3630 a multiple of 15?
True
Is 40 a factor of 5440?
True
Does 10 divide 502?
False
Is 99 a multiple of 18?
False
Does 205 divide 6401?
False
Does 80 divide 320?
True
Is 37 a factor of 744?
False
Is 1461 a multiple of 4?
False
Is 1723 a multiple of 18?
False
Is 3045 a multiple of 34?
False
Does 27 divide 44016?
False
Does 26 divide 206?
False
Is 50085 a multiple of 265?
True
Is 1222 a multiple of 60?
False
Is 7 a factor of 518?
True
Is 46 a factor of 1156?
False
Is 19 a factor of 2774?
True
Is 24 a factor of 2157?
False
Is 207 a factor of 17388?
True
Is 11666 a multiple of 4?
False
Is 14564 a multiple of 44?
True
Is 16 a factor of 4608?
True
Does 206 divide 155276?
False
Is 106 a multiple of 2?
True
Is 24 a factor of 1368?
True
Is 2725 a multiple of 25?
True
Is 534 a multiple of 75?
False
Does 23 divide 1610?
True
Is 1455 a multiple of 5?
True
Is 415 a multiple of 45?
False
Does 42 divide 5666?
False
Does 15 divide 12180?
True
Is 47000 a multiple of 235?
True
Is 26525 a multiple of 8?
False
Is 2 a factor of 375?
False
Is 58 a factor of 3886?
True
Is 39 a factor of 1648?
False
Does 16 divide 15216?
True
Is 58 a factor of 12433?
False
Is 258 a multiple of 7?
False
Is 14557 a multiple of 26?
False
Is 885 a multiple of 15?
True
Is 22 a factor of 440?
True
Is 2273 a multiple of 13?
False
Is 432 a multiple of 36?
True
Is 10500 a multiple of 14?
True
Is 31 a factor of 4805?
True
Does 6 divide 5887?
False
Does 41 divide 630?
False
Is 88 a factor of 101?
False
Is 18032 a multiple of 161?
True
Does 39 divide 6864?
True
Is 75 a factor of 1588?
False
Is 2043 a multiple of 6?
False
Is 11 a factor of 49159?
True
Is 2240 a multiple of 35?
True
Does 49 divide 54488?
True
Does 19 divide 5624?
True
Is 128 a factor of 7040?
True
Is 88 a multiple of 70?
False
Is 3880 a multiple of 10?
True
Does 15 divide 5400?
True
Is 15 a factor of 53?
False
Is 672 a multiple of 8?
True
Does 71 divide 11999?
True
Does 16 divide 69608?
False
Is 20 a factor of 440?
True
Is 3750 a multiple of 125?
True
Does 13 divide 491?
False
Is 21 a factor of 6982?
False
Does 13 divide 863?
False
Is 3 a factor of 3035?
False
Does 110 divide 18732?
False
Is 17844 a multiple of 6?
True
Does 13 divide 104?
True
Is 44 a factor of 1892?
True
Is 9300 a multiple of 100?
True
Does 5 divide 1483?
False
Is 18992 a multip